{"id":307027,"date":"2024-03-03T21:13:19","date_gmt":"2024-03-03T21:13:19","guid":{"rendered":"http:\/\/test.tauxhypotheques.com\/?page_id=307027"},"modified":"2024-05-27T22:46:00","modified_gmt":"2024-05-27T22:46:00","slug":"a-propos","status":"publish","type":"page","link":"http:\/\/test.tauxhypotheques.com\/index.php\/a-propos\/","title":{"rendered":"\u00c0 propos"},"content":{"rendered":"<p>[et_pb_section fb_built=\u00a0\u00bb1&Prime; next_background_color=\u00a0\u00bb#ffffff\u00a0\u00bb admin_label=\u00a0\u00bbHeader\u00a0\u00bb _builder_version=\u00a0\u00bb4.22.2&Prime; _module_preset=\u00a0\u00bbdefault\u00a0\u00bb background_color=\u00a0\u00bb#0C8EC0&Prime; use_background_color_gradient=\u00a0\u00bbon\u00a0\u00bb background_color_gradient_stops=\u00a0\u00bb#0c8ec0 0%|rgba(12,142,192,0.16) 93%\u00a0\u00bb background_color_gradient_overlays_image=\u00a0\u00bbon\u00a0\u00bb background_image=\u00a0\u00bbhttp:\/\/test.tauxhypotheques.com\/wp-content\/uploads\/2024\/03\/joe-woods-4Zaq5xY5M_c-unsplash-scaled.jpg\u00a0\u00bb overflow-x=\u00a0\u00bbhidden\u00a0\u00bb overflow-y=\u00a0\u00bbhidden\u00a0\u00bb custom_padding=\u00a0\u00bb||100px||false|false\u00a0\u00bb bottom_divider_style=\u00a0\u00bbcurve\u00a0\u00bb bottom_divider_height=\u00a0\u00bb60px\u00a0\u00bb locked=\u00a0\u00bboff\u00a0\u00bb collapsed=\u00a0\u00bbon\u00a0\u00bb global_colors_info=\u00a0\u00bb{%22gcid-34807b40-f97e-428a-90f8-6d5ad2ecd8cd%22:%91%22background_color_gradient_stops%22%93,%22gcid-46e54cc2-2550-449e-a151-e85c3a835795%22:%91%22background_color%22%93}\u00a0\u00bb][et_pb_row column_structure=\u00a0\u00bb1_2,1_2&Prime; make_equal=\u00a0\u00bbon\u00a0\u00bb _builder_version=\u00a0\u00bb4.22.2&Prime; _module_preset=\u00a0\u00bbdefault\u00a0\u00bb global_colors_info=\u00a0\u00bb{}\u00a0\u00bb][et_pb_column type=\u00a0\u00bb1_2&Prime; _builder_version=\u00a0\u00bb4.22.0&Prime; _module_preset=\u00a0\u00bbdefault\u00a0\u00bb global_colors_info=\u00a0\u00bb{}\u00a0\u00bb][et_pb_text _builder_version=\u00a0\u00bb4.22.2&Prime; _module_preset=\u00a0\u00bb970d9954-5a42-4e98-b3e7-c173d889ba36&Prime; header_font=\u00a0\u00bbAsap|600|||||||\u00a0\u00bb header_text_color=\u00a0\u00bb#FFFFFF\u00a0\u00bb header_font_size=\u00a0\u00bb55px\u00a0\u00bb header_line_height=\u00a0\u00bb1em\u00a0\u00bb custom_margin=\u00a0\u00bb||10px||false|false\u00a0\u00bb header_font_size_phone=\u00a0\u00bb40px\u00a0\u00bb global_colors_info=\u00a0\u00bb{}\u00a0\u00bb]<\/p>\n<h1><span style=\"color: #000000;\">Diane <span style=\"color: #ffffff;\">Garneau<\/span><\/span><\/h1>\n<p>[\/et_pb_text][et_pb_text _builder_version=\u00a0\u00bb4.22.2&Prime; _module_preset=\u00a0\u00bbdefault\u00a0\u00bb header_3_font=\u00a0\u00bbAsap Condensed||on||||||\u00a0\u00bb header_3_text_color=\u00a0\u00bb#FFFFFF\u00a0\u00bb custom_margin=\u00a0\u00bb0px||14px||false|false\u00a0\u00bb header_3_font_size_tablet=\u00a0\u00bb\u00a0\u00bb header_3_font_size_phone=\u00a0\u00bb26px\u00a0\u00bb header_3_font_size_last_edited=\u00a0\u00bbon|phone\u00a0\u00bb global_colors_info=\u00a0\u00bb{}\u00a0\u00bb]<\/p>\n<h3>Courti\u00e8re hypoth\u00e9caire depuis plus de 20 ann\u00e9es<\/h3>\n<p>[\/et_pb_text][et_pb_text _builder_version=\u00a0\u00bb4.22.2&Prime; _module_preset=\u00a0\u00bbdb0734bd-98ef-48d6-aa87-ad235ac2b6e2&Prime; text_font=\u00a0\u00bbOpen Sans||||||||\u00a0\u00bb text_text_color=\u00a0\u00bb#000000&Prime; text_font_size=\u00a0\u00bb16px\u00a0\u00bb text_line_height=\u00a0\u00bb1.3em\u00a0\u00bb text_font_size_phone=\u00a0\u00bb16px\u00a0\u00bb global_colors_info=\u00a0\u00bb{}\u00a0\u00bb]<\/p>\n<p><strong>Parce que votre histoire est unique, elle m\u00e9rite d\u2019\u00eatre \u00e9cout\u00e9e et d\u2019\u00eatre au c\u0153ur de toute d\u00e9cision financi\u00e8re incluant le choix d\u2019une solution hypoth\u00e9caire adapt\u00e9e \u00e0 vos besoins.\u00a0 L\u2019\u00e9coute, le respect et l\u2019authenticit\u00e9, sont \u00e0 la base de chacune de mes relations clients.\u00a0\u00a0\u00a0\u00a0<\/strong><\/p>\n<p>[\/et_pb_text][et_pb_button button_text=\u00a0\u00bbnos services\u00a0\u00bb _builder_version=\u00a0\u00bb4.25.1&Prime; _module_preset=\u00a0\u00bbdefault\u00a0\u00bb custom_button=\u00a0\u00bbon\u00a0\u00bb button_text_color=\u00a0\u00bb#FFFFFF\u00a0\u00bb button_bg_color=\u00a0\u00bb#000000&Prime; button_border_width=\u00a0\u00bb0px\u00a0\u00bb button_font=\u00a0\u00bbOpen Sans|700||on|||||\u00a0\u00bb custom_margin=\u00a0\u00bb19px||17px|||\u00a0\u00bb hover_enabled=\u00a0\u00bb0&Prime; button_text_size_tablet=\u00a0\u00bb\u00a0\u00bb button_text_size_phone=\u00a0\u00bb16px\u00a0\u00bb button_text_size_last_edited=\u00a0\u00bbon|phone\u00a0\u00bb locked=\u00a0\u00bboff\u00a0\u00bb global_colors_info=\u00a0\u00bb{}\u00a0\u00bb button_url=\u00a0\u00bb@ET-DC@eyJkeW5hbWljIjp0cnVlLCJjb250ZW50IjoicG9zdF9saW5rX3VybF9wYWdlIiwic2V0dGluZ3MiOnsicG9zdF9pZCI6IjMwNzQyNCJ9fQ==@\u00a0\u00bb _dynamic_attributes=\u00a0\u00bbbutton_url\u00a0\u00bb sticky_enabled=\u00a0\u00bb0&Prime;][\/et_pb_button][\/et_pb_column][et_pb_column type=\u00a0\u00bb1_2&Prime; _builder_version=\u00a0\u00bb4.22.2&Prime; _module_preset=\u00a0\u00bbdefault\u00a0\u00bb background_image=\u00a0\u00bbhttp:\/\/test.tauxhypotheques.com\/wp-content\/uploads\/2024\/02\/6ac9ebcc-322e-449a-80e3-1d00e9f1dc8b.jpeg\u00a0\u00bb custom_padding=\u00a0\u00bb4vw||||false|false\u00a0\u00bb border_radii=\u00a0\u00bbon|20px|20px|20px|20px\u00a0\u00bb global_colors_info=\u00a0\u00bb{}\u00a0\u00bb][et_pb_divider show_divider=\u00a0\u00bboff\u00a0\u00bb _builder_version=\u00a0\u00bb4.22.2&Prime; _module_preset=\u00a0\u00bbdefault\u00a0\u00bb custom_margin=\u00a0\u00bb98px||98px||true|false\u00a0\u00bb hover_enabled=\u00a0\u00bb0&Prime; global_colors_info=\u00a0\u00bb{}\u00a0\u00bb sticky_enabled=\u00a0\u00bb0&Prime;][\/et_pb_divider][\/et_pb_column][\/et_pb_row][\/et_pb_section][et_pb_section fb_built=\u00a0\u00bb1&Prime; custom_padding_last_edited=\u00a0\u00bbon|phone\u00a0\u00bb admin_label=\u00a0\u00bbAbout\u00a0\u00bb _builder_version=\u00a0\u00bb4.22.2&Prime; _module_preset=\u00a0\u00bbdefault\u00a0\u00bb custom_padding=\u00a0\u00bb49px||3px|||\u00a0\u00bb custom_padding_tablet=\u00a0\u00bb0px||||false|false\u00a0\u00bb custom_padding_phone=\u00a0\u00bb0px||||false|false\u00a0\u00bb collapsed=\u00a0\u00bbon\u00a0\u00bb global_colors_info=\u00a0\u00bb{}\u00a0\u00bb][et_pb_row column_structure=\u00a0\u00bb1_2,1_2&Prime; use_custom_gutter=\u00a0\u00bbon\u00a0\u00bb gutter_width=\u00a0\u00bb4&Prime; _builder_version=\u00a0\u00bb4.25.1&Prime; _module_preset=\u00a0\u00bbdefault\u00a0\u00bb global_colors_info=\u00a0\u00bb{}\u00a0\u00bb][et_pb_column type=\u00a0\u00bb1_2&Prime; _builder_version=\u00a0\u00bb4.22.0&Prime; _module_preset=\u00a0\u00bbdefault\u00a0\u00bb global_colors_info=\u00a0\u00bb{}\u00a0\u00bb][et_pb_text _builder_version=\u00a0\u00bb4.22.2&Prime; _module_preset=\u00a0\u00bb360d3288-b2b5-4b4f-a33c-ff1919f731fe\u00a0\u00bb text_font=\u00a0\u00bbOpen Sans|600|||||||\u00a0\u00bb text_text_color=\u00a0\u00bb#0C8EC0&Prime; text_line_height=\u00a0\u00bb1.4em\u00a0\u00bb text_font_size_phone=\u00a0\u00bb16px\u00a0\u00bb text_orientation_tablet=\u00a0\u00bbcenter\u00a0\u00bb text_orientation_phone=\u00a0\u00bbcenter\u00a0\u00bb text_orientation_last_edited=\u00a0\u00bbon|tablet\u00a0\u00bb global_colors_info=\u00a0\u00bb{}\u00a0\u00bb]<\/p>\n<p>Avant d\u2019avoir le privil\u00e8ge d\u2019\u00eatre courti\u00e8re hypoth\u00e9caire, j\u2019ai d\u00e9but\u00e9 ma carri\u00e8re comme adjointe au centre de courtage hypoth\u00e9caire d\u2019une grande banque.<\/p>\n<p>J\u2019ai vite d\u00e9couvert que j\u2019avais un int\u00e9r\u00eat marqu\u00e9 pour le financement hypoth\u00e9caire et le cr\u00e9dit. J\u2019ai occup\u00e9 plusieurs postes dans le service \u00e0 la client\u00e8le o\u00f9 je pouvais assister les clients dans leurs besoins financiers ou au niveau du cr\u00e9dit.<\/p>\n<p>Apr\u00e8s quelques ann\u00e9es comme conseill\u00e8re, <span>\u00a0j\u2019ai <\/span><span>finalement d\u00e9cid\u00e9 de me lancer et de me sp\u00e9cialiser dans ce domaine qui me <\/span><span>passionnait, le financement hypoth\u00e9caire. Ce changement m\u2019a permis <\/span><span>d\u2019acqu\u00e9rir une grande richesse de connaissances pour aider plusieurs <\/span><span>profils, peu importe leur situation financi\u00e8re.<\/span><\/p>\n<p>[\/et_pb_text][\/et_pb_column][et_pb_column type=\u00a0\u00bb1_2&Prime; _builder_version=\u00a0\u00bb4.22.0&Prime; _module_preset=\u00a0\u00bbdefault\u00a0\u00bb global_colors_info=\u00a0\u00bb{}\u00a0\u00bb][et_pb_text _builder_version=\u00a0\u00bb4.25.1&Prime; _module_preset=\u00a0\u00bb932fbdc1-a471-4c2a-a146-8952fcabbb70&Prime; header_2_font=\u00a0\u00bbAsap|700|||||||\u00a0\u00bb header_2_text_align=\u00a0\u00bbleft\u00a0\u00bb header_2_text_color=\u00a0\u00bb#0C8EC0&Prime; custom_margin=\u00a0\u00bb||16px|||\u00a0\u00bb custom_margin_tablet=\u00a0\u00bb||16px||false|false\u00a0\u00bb custom_margin_phone=\u00a0\u00bb||8px||false|false\u00a0\u00bb custom_margin_last_edited=\u00a0\u00bbon|phone\u00a0\u00bb header_2_font_size_phone=\u00a0\u00bb30px\u00a0\u00bb global_colors_info=\u00a0\u00bb{}\u00a0\u00bb]<\/p>\n<h2>Ma philosophie<\/h2>\n<p>[\/et_pb_text][et_pb_text _builder_version=\u00a0\u00bb4.22.2&Prime; _module_preset=\u00a0\u00bb1997dd04-4fa6-41e4-a6b5-edf3204354bf\u00a0\u00bb header_5_font=\u00a0\u00bbAsap Condensed|600|||||||\u00a0\u00bb custom_margin=\u00a0\u00bb||0px||false|false\u00a0\u00bb header_5_font_size_phone=\u00a0\u00bb16px\u00a0\u00bb global_colors_info=\u00a0\u00bb{}\u00a0\u00bb]<\/p>\n<h5>Le bon produit avant tout.<\/h5>\n<p>[\/et_pb_text][et_pb_text _builder_version=\u00a0\u00bb4.22.2&Prime; _module_preset=\u00a0\u00bb360d3288-b2b5-4b4f-a33c-ff1919f731fe\u00a0\u00bb text_text_color=\u00a0\u00bb#6C6D70&Prime; text_line_height=\u00a0\u00bb1.4em\u00a0\u00bb global_colors_info=\u00a0\u00bb{}\u00a0\u00bb]<\/p>\n<p>En tant que courtier, je magasine pour vous dans un catalogue \u00e9toff\u00e9 d&rsquo;offres de diff\u00e9rents fournisseurs. L&rsquo;objectif est de trouver le meilleur produit pour votre situation, pas de remplir nos quotas avec un pr\u00eateur.<\/p>\n<p>[\/et_pb_text][et_pb_text _builder_version=\u00a0\u00bb4.22.2&Prime; _module_preset=\u00a0\u00bb1997dd04-4fa6-41e4-a6b5-edf3204354bf\u00a0\u00bb header_5_font=\u00a0\u00bbAsap Condensed|600|||||||\u00a0\u00bb custom_margin=\u00a0\u00bb||0px||false|false\u00a0\u00bb global_colors_info=\u00a0\u00bb{}\u00a0\u00bb]<\/p>\n<h5>Pour tout le monde<\/h5>\n<p>[\/et_pb_text][et_pb_text _builder_version=\u00a0\u00bb4.22.2&Prime; _module_preset=\u00a0\u00bb360d3288-b2b5-4b4f-a33c-ff1919f731fe\u00a0\u00bb text_text_color=\u00a0\u00bb#6C6D70&Prime; text_line_height=\u00a0\u00bb1.4em\u00a0\u00bb global_colors_info=\u00a0\u00bb{}\u00a0\u00bb]<\/p>\n<p>M\u00eame si votre situation financi\u00e8re actuelle n&rsquo;est pas optimale, vous avez quand m\u00eame droit \u00e0 de bons conseils judicieux pour vous permettre d&rsquo;acc\u00e9der \u00e0 la propri\u00e9t\u00e9 d\u00e9sir\u00e9e.\u00a0<\/p>\n<p>[\/et_pb_text][et_pb_text _builder_version=\u00a0\u00bb4.22.2&Prime; _module_preset=\u00a0\u00bb1997dd04-4fa6-41e4-a6b5-edf3204354bf\u00a0\u00bb header_5_font=\u00a0\u00bbAsap Condensed|600|||||||\u00a0\u00bb custom_margin=\u00a0\u00bb||0px||false|false\u00a0\u00bb global_colors_info=\u00a0\u00bb{}\u00a0\u00bb]<\/p>\n<h5>Confiance et transparence<\/h5>\n<p>[\/et_pb_text][et_pb_text _builder_version=\u00a0\u00bb4.22.2&Prime; _module_preset=\u00a0\u00bb360d3288-b2b5-4b4f-a33c-ff1919f731fe\u00a0\u00bb text_text_color=\u00a0\u00bb#6C6D70&Prime; text_line_height=\u00a0\u00bb1.4em\u00a0\u00bb global_colors_info=\u00a0\u00bb{}\u00a0\u00bb]<\/p>\n<p>Votre situation est unique, vous \u00eates unique. L&rsquo;important, c&rsquo;est que vous vous sentiez \u00e0 l&rsquo;aise de communiquer de mani\u00e8re transparente avec nous.\u00a0<\/p>\n<p>[\/et_pb_text][\/et_pb_column][\/et_pb_row][\/et_pb_section][et_pb_section fb_built=\u00a0\u00bb1&Prime; custom_padding_last_edited=\u00a0\u00bbon|phone\u00a0\u00bb admin_label=\u00a0\u00bbCall to Action\u00a0\u00bb _builder_version=\u00a0\u00bb4.25.1&Prime; _module_preset=\u00a0\u00bbdefault\u00a0\u00bb background_color=\u00a0\u00bb#6C6D70&Prime; use_background_color_gradient=\u00a0\u00bbon\u00a0\u00bb background_color_gradient_direction=\u00a0\u00bb186deg\u00a0\u00bb background_color_gradient_stops=\u00a0\u00bbrgba(0,0,0,0.91) 0%|rgba(0,0,0,0.08) 100%\u00a0\u00bb background_color_gradient_overlays_image=\u00a0\u00bbon\u00a0\u00bb background_image=\u00a0\u00bbhttp:\/\/test.tauxhypotheques.com\/wp-content\/uploads\/2024\/05\/Add-a-subheading-10.jpg\u00a0\u00bb width_tablet=\u00a0\u00bb100%\u00a0\u00bb width_phone=\u00a0\u00bb100%\u00a0\u00bb width_last_edited=\u00a0\u00bbon|tablet\u00a0\u00bb custom_margin=\u00a0\u00bb14px|0px|0px|0px|false|true\u00a0\u00bb custom_margin_tablet=\u00a0\u00bb8px||||false|false\u00a0\u00bb custom_margin_phone=\u00a0\u00bb0px|0px|0px|0px|true|true\u00a0\u00bb custom_margin_last_edited=\u00a0\u00bbon|phone\u00a0\u00bb custom_padding=\u00a0\u00bb||47px|||\u00a0\u00bb custom_padding_tablet=\u00a0\u00bb||5px||false|false\u00a0\u00bb custom_padding_phone=\u00a0\u00bb8px||1px||false|false\u00a0\u00bb module_alignment_tablet=\u00a0\u00bbcenter\u00a0\u00bb module_alignment_phone=\u00a0\u00bbcenter\u00a0\u00bb module_alignment_last_edited=\u00a0\u00bbon|desktop\u00a0\u00bb locked=\u00a0\u00bboff\u00a0\u00bb collapsed=\u00a0\u00bbon\u00a0\u00bb global_colors_info=\u00a0\u00bb{}\u00a0\u00bb][et_pb_row column_structure=\u00a0\u00bb1_3,2_3&Prime; use_custom_gutter=\u00a0\u00bbon\u00a0\u00bb make_equal=\u00a0\u00bbon\u00a0\u00bb _builder_version=\u00a0\u00bb4.22.2&Prime; _module_preset=\u00a0\u00bbdefault\u00a0\u00bb width=\u00a0\u00bb89%\u00a0\u00bb max_width=\u00a0\u00bb1698px\u00a0\u00bb global_colors_info=\u00a0\u00bb{}\u00a0\u00bb][et_pb_column type=\u00a0\u00bb1_3&Prime; _builder_version=\u00a0\u00bb4.22.2&Prime; _module_preset=\u00a0\u00bbdefault\u00a0\u00bb background_enable_image=\u00a0\u00bboff\u00a0\u00bb global_colors_info=\u00a0\u00bb{}\u00a0\u00bb][et_pb_image src=\u00a0\u00bbhttp:\/\/test.tauxhypotheques.com\/wp-content\/uploads\/2024\/02\/Untitled-design-39.png\u00a0\u00bb title_text=\u00a0\u00bbUntitled design (39)\u00a0\u00bb _builder_version=\u00a0\u00bb4.22.2&Prime; _module_preset=\u00a0\u00bbdefault\u00a0\u00bb max_width_tablet=\u00a0\u00bb50%\u00a0\u00bb max_width_phone=\u00a0\u00bb50%\u00a0\u00bb max_width_last_edited=\u00a0\u00bbon|tablet\u00a0\u00bb global_colors_info=\u00a0\u00bb{}\u00a0\u00bb][\/et_pb_image][\/et_pb_column][et_pb_column type=\u00a0\u00bb2_3&Prime; _builder_version=\u00a0\u00bb4.22.0&Prime; _module_preset=\u00a0\u00bbdefault\u00a0\u00bb global_colors_info=\u00a0\u00bb{}\u00a0\u00bb][et_pb_text _builder_version=\u00a0\u00bb4.22.2&Prime; _module_preset=\u00a0\u00bb932fbdc1-a471-4c2a-a146-8952fcabbb70&Prime; header_2_font=\u00a0\u00bbAsap|700|||||||\u00a0\u00bb header_2_text_color=\u00a0\u00bb#0C8EC0&Prime; custom_margin=\u00a0\u00bb3px||10px||false|false\u00a0\u00bb header_2_font_size_tablet=\u00a0\u00bb56px\u00a0\u00bb header_2_font_size_phone=\u00a0\u00bb35px\u00a0\u00bb header_2_font_size_last_edited=\u00a0\u00bbon|phone\u00a0\u00bb global_colors_info=\u00a0\u00bb{}\u00a0\u00bb]<\/p>\n<h2><span style=\"color: #ffffff;\">Ce qui me <span style=\"color: #0c8ec0;\">diff\u00e9rencie<\/span><\/span><\/h2>\n<p>[\/et_pb_text][et_pb_text _builder_version=\u00a0\u00bb4.22.2&Prime; _module_preset=\u00a0\u00bb360d3288-b2b5-4b4f-a33c-ff1919f731fe\u00a0\u00bb text_font=\u00a0\u00bbOpen Sans|600|||||||\u00a0\u00bb text_text_color=\u00a0\u00bb#FFFFFF\u00a0\u00bb text_line_height=\u00a0\u00bb1.3em\u00a0\u00bb custom_margin=\u00a0\u00bb||23px|||\u00a0\u00bb text_font_size_tablet=\u00a0\u00bb16px\u00a0\u00bb text_font_size_phone=\u00a0\u00bb15px\u00a0\u00bb text_font_size_last_edited=\u00a0\u00bbon|tablet\u00a0\u00bb global_colors_info=\u00a0\u00bb{}\u00a0\u00bb]<\/p>\n<p>Ma mission est d&rsquo;offrir des solutions hypoth\u00e9caires adapt\u00e9es \u00e0 la r\u00e9alit\u00e9 des consommateurs. Que ce soit pour l&rsquo;achat de leur propri\u00e9t\u00e9 r\u00e9sidentielle ou d&rsquo;investissement, je leur propose les strat\u00e9gies hypoth\u00e9caires les plus avantageuses en analysant leur situation actuelle et en anticipant leur situation future.<\/p>\n<p>Ce qui me distingue ? Mon approche globale, des valeurs \u00e9thiques, ma cr\u00e9dibilit\u00e9 dans le march\u00e9 hypoth\u00e9caire, mon objectivit\u00e9 et la proximit\u00e9 avec mes clients. Mes clients me font confiance car je leur donne l&rsquo;heure juste.<\/p>\n<p>[\/et_pb_text][et_pb_button button_url=\u00a0\u00bbhttps:\/\/calendly.com\/garneau-diane\/rendez-vous-telephonique\u00a0\u00bb button_text=\u00a0\u00bbenvie de discuter?\u00a0\u00bb _builder_version=\u00a0\u00bb4.22.2&Prime; _module_preset=\u00a0\u00bbdefault\u00a0\u00bb custom_button=\u00a0\u00bbon\u00a0\u00bb button_text_color=\u00a0\u00bb#FFFFFF\u00a0\u00bb button_bg_color=\u00a0\u00bb#0C8EC0&Prime; button_border_width=\u00a0\u00bb0px\u00a0\u00bb button_font=\u00a0\u00bbOpen Sans|700||on|||||\u00a0\u00bb custom_margin=\u00a0\u00bb19px||29px|||\u00a0\u00bb button_text_size_tablet=\u00a0\u00bb\u00a0\u00bb button_text_size_phone=\u00a0\u00bb16px\u00a0\u00bb button_text_size_last_edited=\u00a0\u00bbon|phone\u00a0\u00bb locked=\u00a0\u00bboff\u00a0\u00bb global_colors_info=\u00a0\u00bb{}\u00a0\u00bb][\/et_pb_button][\/et_pb_column][\/et_pb_row][\/et_pb_section]<\/p>\n","protected":false},"excerpt":{"rendered":"<p>Diane GarneauCourti\u00e8re hypoth\u00e9caire depuis plus de 20 ann\u00e9esParce que votre histoire est unique, elle m\u00e9rite d\u2019\u00eatre \u00e9cout\u00e9e et d\u2019\u00eatre au c\u0153ur de toute d\u00e9cision financi\u00e8re incluant le choix d\u2019une solution hypoth\u00e9caire adapt\u00e9e \u00e0 vos besoins.\u00a0 L\u2019\u00e9coute, le respect et l\u2019authenticit\u00e9, sont \u00e0 la base de chacune de mes relations clients.\u00a0\u00a0\u00a0\u00a0Avant d\u2019avoir le privil\u00e8ge d\u2019\u00eatre courti\u00e8re [&hellip;]<\/p>\n","protected":false},"author":1,"featured_media":0,"parent":0,"menu_order":0,"comment_status":"closed","ping_status":"closed","template":"","meta":{"_et_pb_use_builder":"on","_et_pb_old_content":"","_et_gb_content_width":"","footnotes":""},"class_list":["post-307027","page","type-page","status-publish","hentry"],"yoast_head":"<!-- This site is optimized with the Yoast SEO plugin v24.2 - https:\/\/yoast.com\/wordpress\/plugins\/seo\/ -->\r\n<title>\u00c0 propos - Diane Garneau, courti\u00e8re hypoth\u00e9caire - Les Architectes hypoth\u00e9caires<\/title>\r\n<meta name=\"description\" content=\"Diane Garneau, courti\u00e8re hypoth\u00e9caire - plus de 20 ans. Ensemble, trouvons le meilleur produit pour vous permettre d&#039;acc\u00e9der \u00e0 la propri\u00e9t\u00e9 d\u00e9sir\u00e9e.\" \/>\r\n<meta name=\"robots\" content=\"index, follow, max-snippet:-1, max-image-preview:large, max-video-preview:-1\" \/>\r\n<link rel=\"canonical\" href=\"http:\/\/test.tauxhypotheques.com\/index.php\/a-propos\/\" \/>\r\n<meta property=\"og:locale\" content=\"fr_FR\" \/>\r\n<meta property=\"og:type\" content=\"article\" \/>\r\n<meta property=\"og:title\" content=\"\u00c0 propos - Diane Garneau, courti\u00e8re hypoth\u00e9caire - Les Architectes hypoth\u00e9caires\" \/>\r\n<meta property=\"og:description\" content=\"Diane Garneau, courti\u00e8re hypoth\u00e9caire - plus de 20 ans. Ensemble, trouvons le meilleur produit pour vous permettre d&#039;acc\u00e9der \u00e0 la propri\u00e9t\u00e9 d\u00e9sir\u00e9e.\" \/>\r\n<meta property=\"og:url\" content=\"http:\/\/test.tauxhypotheques.com\/index.php\/a-propos\/\" \/>\r\n<meta property=\"og:site_name\" content=\"Les Architectes hypoth\u00e9caires\" \/>\r\n<meta property=\"article:modified_time\" content=\"2024-05-27T22:46:00+00:00\" \/>\r\n<meta name=\"twitter:card\" content=\"summary_large_image\" \/>\r\n<meta name=\"twitter:label1\" content=\"Dur\u00e9e de lecture estim\u00e9e\" \/>\n\t<meta name=\"twitter:data1\" content=\"2 minutes\" \/>\r\n<script type=\"application\/ld+json\" class=\"yoast-schema-graph\">{\"@context\":\"https:\/\/schema.org\",\"@graph\":[{\"@type\":\"WebPage\",\"@id\":\"http:\/\/test.tauxhypotheques.com\/index.php\/a-propos\/\",\"url\":\"http:\/\/test.tauxhypotheques.com\/index.php\/a-propos\/\",\"name\":\"\u00c0 propos - Diane Garneau, courti\u00e8re hypoth\u00e9caire - Les Architectes hypoth\u00e9caires\",\"isPartOf\":{\"@id\":\"http:\/\/test.tauxhypotheques.com\/#website\"},\"datePublished\":\"2024-03-03T21:13:19+00:00\",\"dateModified\":\"2024-05-27T22:46:00+00:00\",\"description\":\"Diane Garneau, courti\u00e8re hypoth\u00e9caire - plus de 20 ans. Ensemble, trouvons le meilleur produit pour vous permettre d'acc\u00e9der \u00e0 la propri\u00e9t\u00e9 d\u00e9sir\u00e9e.\",\"breadcrumb\":{\"@id\":\"http:\/\/test.tauxhypotheques.com\/index.php\/a-propos\/#breadcrumb\"},\"inLanguage\":\"fr-FR\",\"potentialAction\":[{\"@type\":\"ReadAction\",\"target\":[\"http:\/\/test.tauxhypotheques.com\/index.php\/a-propos\/\"]}]},{\"@type\":\"BreadcrumbList\",\"@id\":\"http:\/\/test.tauxhypotheques.com\/index.php\/a-propos\/#breadcrumb\",\"itemListElement\":[{\"@type\":\"ListItem\",\"position\":1,\"name\":\"Accueil\",\"item\":\"http:\/\/test.tauxhypotheques.com\/\"},{\"@type\":\"ListItem\",\"position\":2,\"name\":\"\u00c0 propos\"}]},{\"@type\":\"WebSite\",\"@id\":\"http:\/\/test.tauxhypotheques.com\/#website\",\"url\":\"http:\/\/test.tauxhypotheques.com\/\",\"name\":\"Les Architectes hypoth\u00e9caires\",\"description\":\"Courtier hypoth\u00e9caire\",\"potentialAction\":[{\"@type\":\"SearchAction\",\"target\":{\"@type\":\"EntryPoint\",\"urlTemplate\":\"http:\/\/test.tauxhypotheques.com\/?s={search_term_string}\"},\"query-input\":{\"@type\":\"PropertyValueSpecification\",\"valueRequired\":true,\"valueName\":\"search_term_string\"}}],\"inLanguage\":\"fr-FR\"}]}<\/script>\r\n<!-- \/ Yoast SEO plugin. -->","yoast_head_json":{"title":"\u00c0 propos - Diane Garneau, courti\u00e8re hypoth\u00e9caire - Les Architectes hypoth\u00e9caires","description":"Diane Garneau, courti\u00e8re hypoth\u00e9caire - plus de 20 ans. Ensemble, trouvons le meilleur produit pour vous permettre d'acc\u00e9der \u00e0 la propri\u00e9t\u00e9 d\u00e9sir\u00e9e.","robots":{"index":"index","follow":"follow","max-snippet":"max-snippet:-1","max-image-preview":"max-image-preview:large","max-video-preview":"max-video-preview:-1"},"canonical":"http:\/\/test.tauxhypotheques.com\/index.php\/a-propos\/","og_locale":"fr_FR","og_type":"article","og_title":"\u00c0 propos - Diane Garneau, courti\u00e8re hypoth\u00e9caire - Les Architectes hypoth\u00e9caires","og_description":"Diane Garneau, courti\u00e8re hypoth\u00e9caire - plus de 20 ans. Ensemble, trouvons le meilleur produit pour vous permettre d'acc\u00e9der \u00e0 la propri\u00e9t\u00e9 d\u00e9sir\u00e9e.","og_url":"http:\/\/test.tauxhypotheques.com\/index.php\/a-propos\/","og_site_name":"Les Architectes hypoth\u00e9caires","article_modified_time":"2024-05-27T22:46:00+00:00","twitter_card":"summary_large_image","twitter_misc":{"Dur\u00e9e de lecture estim\u00e9e":"2 minutes"},"schema":{"@context":"https:\/\/schema.org","@graph":[{"@type":"WebPage","@id":"http:\/\/test.tauxhypotheques.com\/index.php\/a-propos\/","url":"http:\/\/test.tauxhypotheques.com\/index.php\/a-propos\/","name":"\u00c0 propos - Diane Garneau, courti\u00e8re hypoth\u00e9caire - Les Architectes hypoth\u00e9caires","isPartOf":{"@id":"http:\/\/test.tauxhypotheques.com\/#website"},"datePublished":"2024-03-03T21:13:19+00:00","dateModified":"2024-05-27T22:46:00+00:00","description":"Diane Garneau, courti\u00e8re hypoth\u00e9caire - plus de 20 ans. Ensemble, trouvons le meilleur produit pour vous permettre d'acc\u00e9der \u00e0 la propri\u00e9t\u00e9 d\u00e9sir\u00e9e.","breadcrumb":{"@id":"http:\/\/test.tauxhypotheques.com\/index.php\/a-propos\/#breadcrumb"},"inLanguage":"fr-FR","potentialAction":[{"@type":"ReadAction","target":["http:\/\/test.tauxhypotheques.com\/index.php\/a-propos\/"]}]},{"@type":"BreadcrumbList","@id":"http:\/\/test.tauxhypotheques.com\/index.php\/a-propos\/#breadcrumb","itemListElement":[{"@type":"ListItem","position":1,"name":"Accueil","item":"http:\/\/test.tauxhypotheques.com\/"},{"@type":"ListItem","position":2,"name":"\u00c0 propos"}]},{"@type":"WebSite","@id":"http:\/\/test.tauxhypotheques.com\/#website","url":"http:\/\/test.tauxhypotheques.com\/","name":"Les Architectes hypoth\u00e9caires","description":"Courtier hypoth\u00e9caire","potentialAction":[{"@type":"SearchAction","target":{"@type":"EntryPoint","urlTemplate":"http:\/\/test.tauxhypotheques.com\/?s={search_term_string}"},"query-input":{"@type":"PropertyValueSpecification","valueRequired":true,"valueName":"search_term_string"}}],"inLanguage":"fr-FR"}]}},"_links":{"self":[{"href":"http:\/\/test.tauxhypotheques.com\/index.php\/wp-json\/wp\/v2\/pages\/307027","targetHints":{"allow":["GET"]}}],"collection":[{"href":"http:\/\/test.tauxhypotheques.com\/index.php\/wp-json\/wp\/v2\/pages"}],"about":[{"href":"http:\/\/test.tauxhypotheques.com\/index.php\/wp-json\/wp\/v2\/types\/page"}],"author":[{"embeddable":true,"href":"http:\/\/test.tauxhypotheques.com\/index.php\/wp-json\/wp\/v2\/users\/1"}],"replies":[{"embeddable":true,"href":"http:\/\/test.tauxhypotheques.com\/index.php\/wp-json\/wp\/v2\/comments?post=307027"}],"version-history":[{"count":27,"href":"http:\/\/test.tauxhypotheques.com\/index.php\/wp-json\/wp\/v2\/pages\/307027\/revisions"}],"predecessor-version":[{"id":307671,"href":"http:\/\/test.tauxhypotheques.com\/index.php\/wp-json\/wp\/v2\/pages\/307027\/revisions\/307671"}],"wp:attachment":[{"href":"http:\/\/test.tauxhypotheques.com\/index.php\/wp-json\/wp\/v2\/media?parent=307027"}],"curies":[{"name":"wp","href":"https:\/\/api.w.org\/{rel}","templated":true}]}}