{"id":307434,"date":"2024-04-06T19:06:26","date_gmt":"2024-04-06T19:06:26","guid":{"rendered":"http:\/\/test.tauxhypotheques.com\/?page_id=307434"},"modified":"2024-05-31T17:44:52","modified_gmt":"2024-05-31T17:44:52","slug":"nos-preteurs","status":"publish","type":"page","link":"http:\/\/test.tauxhypotheques.com\/index.php\/nos-preteurs\/","title":{"rendered":"Nos pr\u00eateurs"},"content":{"rendered":"<p>[et_pb_section fb_built=\u00a0\u00bb1&Prime; _builder_version=\u00a0\u00bb4.22.2&Prime; _module_preset=\u00a0\u00bbdefault\u00a0\u00bb background_color=\u00a0\u00bb#0C8EC0&Prime; bottom_divider_style=\u00a0\u00bbcurve\u00a0\u00bb bottom_divider_color=\u00a0\u00bb#FFFFFF\u00a0\u00bb bottom_divider_height=\u00a0\u00bb50px\u00a0\u00bb locked=\u00a0\u00bboff\u00a0\u00bb global_colors_info=\u00a0\u00bb{}\u00a0\u00bb][et_pb_row _builder_version=\u00a0\u00bb4.22.2&Prime; _module_preset=\u00a0\u00bbdefault\u00a0\u00bb global_colors_info=\u00a0\u00bb{}\u00a0\u00bb][et_pb_column type=\u00a0\u00bb4_4&Prime; _builder_version=\u00a0\u00bb4.22.2&Prime; _module_preset=\u00a0\u00bbdefault\u00a0\u00bb global_colors_info=\u00a0\u00bb{}\u00a0\u00bb][et_pb_text _builder_version=\u00a0\u00bb4.22.2&Prime; _module_preset=\u00a0\u00bbdefault\u00a0\u00bb header_font=\u00a0\u00bbAsap|600|||||||\u00a0\u00bb header_text_color=\u00a0\u00bb#E1ECEA\u00a0\u00bb header_font_size=\u00a0\u00bb60px\u00a0\u00bb header_line_height=\u00a0\u00bb1.1em\u00a0\u00bb text_orientation=\u00a0\u00bbcenter\u00a0\u00bb width_tablet=\u00a0\u00bb\u00a0\u00bb width_phone=\u00a0\u00bb\u00a0\u00bb width_last_edited=\u00a0\u00bbon|desktop\u00a0\u00bb module_alignment=\u00a0\u00bbcenter\u00a0\u00bb custom_margin=\u00a0\u00bb||0px||false|false\u00a0\u00bb header_font_size_tablet=\u00a0\u00bb40px\u00a0\u00bb header_font_size_phone=\u00a0\u00bb24px\u00a0\u00bb header_font_size_last_edited=\u00a0\u00bbon|desktop\u00a0\u00bb global_colors_info=\u00a0\u00bb{}\u00a0\u00bb]<\/p>\n<h1>Nos pr\u00eateurs<\/h1>\n<p>[\/et_pb_text][\/et_pb_column][\/et_pb_row][\/et_pb_section][et_pb_section fb_built=\u00a0\u00bb1&Prime; admin_label=\u00a0\u00bbFeature\u00a0\u00bb _builder_version=\u00a0\u00bb4.22.2&Prime; _module_preset=\u00a0\u00bbdefault\u00a0\u00bb background_enable_color=\u00a0\u00bboff\u00a0\u00bb custom_margin=\u00a0\u00bb||||false|false\u00a0\u00bb custom_padding=\u00a0\u00bb||||false|false\u00a0\u00bb locked=\u00a0\u00bboff\u00a0\u00bb collapsed=\u00a0\u00bbon\u00a0\u00bb global_colors_info=\u00a0\u00bb{}\u00a0\u00bb][et_pb_row _builder_version=\u00a0\u00bb4.22.2&Prime; _module_preset=\u00a0\u00bbdefault\u00a0\u00bb global_colors_info=\u00a0\u00bb{}\u00a0\u00bb][et_pb_column type=\u00a0\u00bb4_4&Prime; _builder_version=\u00a0\u00bb4.22.2&Prime; _module_preset=\u00a0\u00bbdefault\u00a0\u00bb global_colors_info=\u00a0\u00bb{}\u00a0\u00bb][et_pb_text _builder_version=\u00a0\u00bb4.22.2&Prime; _module_preset=\u00a0\u00bbdefault\u00a0\u00bb header_3_font=\u00a0\u00bbAsap Condensed||||||||\u00a0\u00bb header_3_text_align=\u00a0\u00bbcenter\u00a0\u00bb header_3_text_color=\u00a0\u00bb#0C8EC0&Prime; header_3_font_size=\u00a0\u00bb36px\u00a0\u00bb custom_margin=\u00a0\u00bb||19px|||\u00a0\u00bb global_colors_info=\u00a0\u00bb{}\u00a0\u00bb]<\/p>\n<h3>Plus de choix, plus de possibilit\u00e9s!<\/h3>\n<p>[\/et_pb_text][et_pb_text _builder_version=\u00a0\u00bb4.22.2&Prime; _module_preset=\u00a0\u00bbdefault\u00a0\u00bb text_font=\u00a0\u00bbOpen Sans||||||||\u00a0\u00bb text_text_color=\u00a0\u00bb#000000&Prime; text_font_size=\u00a0\u00bb16px\u00a0\u00bb text_line_height=\u00a0\u00bb1.5em\u00a0\u00bb text_orientation=\u00a0\u00bbcenter\u00a0\u00bb global_colors_info=\u00a0\u00bb{}\u00a0\u00bb]<\/p>\n<p>Avec plus de 20 pr\u00eateurs canadiens dans notre portfolio, nous sommes confiants de pouvoir vous offrir les solutions hypoth\u00e9caires les plus concurentielles. Des grandes banques aux pr\u00eateurs nationaux, tous se font comp\u00e9tition pour vous obtenir le meilleur taux!<\/p>\n<p>[\/et_pb_text][\/et_pb_column][\/et_pb_row][et_pb_row column_structure=\u00a0\u00bb1_3,1_3,1_3&Prime; _builder_version=\u00a0\u00bb4.22.2&Prime; _module_preset=\u00a0\u00bbdefault\u00a0\u00bb global_colors_info=\u00a0\u00bb{}\u00a0\u00bb][et_pb_column type=\u00a0\u00bb1_3&Prime; _builder_version=\u00a0\u00bb4.22.2&Prime; _module_preset=\u00a0\u00bbdefault\u00a0\u00bb global_colors_info=\u00a0\u00bb{}\u00a0\u00bb][et_pb_text _builder_version=\u00a0\u00bb4.22.2&Prime; _module_preset=\u00a0\u00bbdefault\u00a0\u00bb text_font=\u00a0\u00bbAsap Condensed|600|||||||\u00a0\u00bb text_text_color=\u00a0\u00bb#0C8EC0&Prime; text_font_size=\u00a0\u00bb24px\u00a0\u00bb text_line_height=\u00a0\u00bb0.9em\u00a0\u00bb global_colors_info=\u00a0\u00bb{}\u00a0\u00bb]<\/p>\n<p class=\"MKT_LiText\" style=\"text-align: center;\">B2B Banque<\/p>\n<p class=\"MKT_LiText\" style=\"text-align: center;\">Banque EQ<\/p>\n<p class=\"MKT_LiText\" style=\"text-align: center;\">Banque Haventree<\/p>\n<p class=\"MKT_LiText\" style=\"text-align: center;\">Banque HomeEquity<\/p>\n<p class=\"MKT_LiText\" style=\"text-align: center;\">Banque Scotia<\/p>\n<p class=\"MKT_LiText\" style=\"text-align: center;\">Capital Express<\/p>\n<p class=\"MKT_LiText\" style=\"text-align: center;\">Castleton Financement hypoth\u00e9caire<\/p>\n<p>[\/et_pb_text][\/et_pb_column][et_pb_column type=\u00a0\u00bb1_3&Prime; _builder_version=\u00a0\u00bb4.22.2&Prime; _module_preset=\u00a0\u00bbdefault\u00a0\u00bb global_colors_info=\u00a0\u00bb{}\u00a0\u00bb][et_pb_text _builder_version=\u00a0\u00bb4.22.2&Prime; _module_preset=\u00a0\u00bbdefault\u00a0\u00bb text_font=\u00a0\u00bbAsap Condensed|600|||||||\u00a0\u00bb text_text_color=\u00a0\u00bb#0C8EC0&Prime; text_font_size=\u00a0\u00bb24px\u00a0\u00bb text_line_height=\u00a0\u00bb0.9em\u00a0\u00bb global_colors_info=\u00a0\u00bb{}\u00a0\u00bb]<\/p>\n<p class=\"MKT_LiText\" style=\"text-align: center;\">Corporation Capital Cliffton<\/p>\n<p class=\"MKT_LiText\" style=\"text-align: center;\">Desjardins<\/p>\n<p class=\"MKT_LiText\" style=\"text-align: center;\">L&rsquo;\u00c9quitable, Compagnie de fiducie<\/p>\n<p class=\"MKT_LiText\" style=\"text-align: center;\">Financi\u00e8re CMLS<\/p>\n<p class=\"MKT_LiText\" style=\"text-align: center;\">First National<\/p>\n<p class=\"MKT_LiText\" style=\"text-align: center;\">Home Trust<\/p>\n<p class=\"MKT_LiText\" style=\"text-align: center;\">Hypoth\u00e8que Blueprint<\/p>\n<p>[\/et_pb_text][\/et_pb_column][et_pb_column type=\u00a0\u00bb1_3&Prime; _builder_version=\u00a0\u00bb4.22.2&Prime; _module_preset=\u00a0\u00bbdefault\u00a0\u00bb global_colors_info=\u00a0\u00bb{}\u00a0\u00bb][et_pb_text _builder_version=\u00a0\u00bb4.22.2&Prime; _module_preset=\u00a0\u00bbdefault\u00a0\u00bb text_font=\u00a0\u00bbAsap Condensed|600|||||||\u00a0\u00bb text_text_color=\u00a0\u00bb#0C8EC0&Prime; text_font_size=\u00a0\u00bb24px\u00a0\u00bb text_line_height=\u00a0\u00bb0.9em\u00a0\u00bb global_colors_info=\u00a0\u00bb{}\u00a0\u00bb]<\/p>\n<p class=\"MKT_LiText\" style=\"text-align: center;\">Industrielle Alliance<\/p>\n<p class=\"MKT_LiText\" style=\"text-align: center;\">Id\u00e9al Finance<\/p>\n<p class=\"MKT_LiText\" style=\"text-align: center;\">Manuvie<\/p>\n<p class=\"MKT_LiText\" style=\"text-align: center;\">MCAP<\/p>\n<p class=\"MKT_LiText\" style=\"text-align: center;\">Merix\/Lendwise<\/p>\n<p class=\"MKT_LiText\" style=\"text-align: center;\">Pentor<\/p>\n<p class=\"MKT_LiText\" style=\"text-align: center;\">TD Canada Trust<\/p>\n<p>[\/et_pb_text][\/et_pb_column][\/et_pb_row][\/et_pb_section][et_pb_section fb_built=\u00a0\u00bb1&Prime; custom_padding_last_edited=\u00a0\u00bbon|phone\u00a0\u00bb admin_label=\u00a0\u00bbCall to Action\u00a0\u00bb _builder_version=\u00a0\u00bb4.25.1&Prime; _module_preset=\u00a0\u00bbdefault\u00a0\u00bb background_color=\u00a0\u00bb#6C6D70&Prime; use_background_color_gradient=\u00a0\u00bbon\u00a0\u00bb background_color_gradient_stops=\u00a0\u00bbrgba(0,0,0,0.91) 0%|rgba(0,0,0,0.08) 100%\u00a0\u00bb background_color_gradient_overlays_image=\u00a0\u00bbon\u00a0\u00bb background_image=\u00a0\u00bbhttp:\/\/test.tauxhypotheques.com\/wp-content\/uploads\/2024\/03\/Untitled-design-2024-03-21T082313.299.jpg\u00a0\u00bb width_tablet=\u00a0\u00bb80%\u00a0\u00bb width_phone=\u00a0\u00bb90%\u00a0\u00bb width_last_edited=\u00a0\u00bbon|tablet\u00a0\u00bb custom_margin=\u00a0\u00bb14px|0px|0px|0px|false|true\u00a0\u00bb custom_margin_tablet=\u00a0\u00bb8px||||false|false\u00a0\u00bb custom_margin_phone=\u00a0\u00bb44px|30px|44px|30px|true|true\u00a0\u00bb custom_margin_last_edited=\u00a0\u00bbon|phone\u00a0\u00bb custom_padding=\u00a0\u00bb||47px|||\u00a0\u00bb custom_padding_tablet=\u00a0\u00bb||5px||false|false\u00a0\u00bb custom_padding_phone=\u00a0\u00bb8px||1px||false|false\u00a0\u00bb module_alignment_tablet=\u00a0\u00bbcenter\u00a0\u00bb module_alignment_phone=\u00a0\u00bbcenter\u00a0\u00bb module_alignment_last_edited=\u00a0\u00bbon|desktop\u00a0\u00bb locked=\u00a0\u00bboff\u00a0\u00bb collapsed=\u00a0\u00bbon\u00a0\u00bb global_colors_info=\u00a0\u00bb{}\u00a0\u00bb][et_pb_row column_structure=\u00a0\u00bb1_3,2_3&Prime; use_custom_gutter=\u00a0\u00bbon\u00a0\u00bb make_equal=\u00a0\u00bbon\u00a0\u00bb _builder_version=\u00a0\u00bb4.22.2&Prime; _module_preset=\u00a0\u00bbdefault\u00a0\u00bb width=\u00a0\u00bb89%\u00a0\u00bb max_width=\u00a0\u00bb1698px\u00a0\u00bb global_colors_info=\u00a0\u00bb{}\u00a0\u00bb][et_pb_column type=\u00a0\u00bb1_3&Prime; _builder_version=\u00a0\u00bb4.22.2&Prime; _module_preset=\u00a0\u00bbdefault\u00a0\u00bb background_enable_image=\u00a0\u00bboff\u00a0\u00bb global_colors_info=\u00a0\u00bb{}\u00a0\u00bb][et_pb_image src=\u00a0\u00bbhttp:\/\/test.tauxhypotheques.com\/wp-content\/uploads\/2024\/02\/Untitled-design-39.png\u00a0\u00bb title_text=\u00a0\u00bbUntitled design (39)\u00a0\u00bb _builder_version=\u00a0\u00bb4.22.2&Prime; _module_preset=\u00a0\u00bbdefault\u00a0\u00bb global_colors_info=\u00a0\u00bb{}\u00a0\u00bb][\/et_pb_image][\/et_pb_column][et_pb_column type=\u00a0\u00bb2_3&Prime; _builder_version=\u00a0\u00bb4.22.0&Prime; _module_preset=\u00a0\u00bbdefault\u00a0\u00bb global_colors_info=\u00a0\u00bb{}\u00a0\u00bb][et_pb_text _builder_version=\u00a0\u00bb4.22.2&Prime; _module_preset=\u00a0\u00bb932fbdc1-a471-4c2a-a146-8952fcabbb70&Prime; header_2_font=\u00a0\u00bbAlata|700|||||||\u00a0\u00bb header_2_text_color=\u00a0\u00bb#0C8EC0&Prime; custom_margin=\u00a0\u00bb18px||10px||false|false\u00a0\u00bb header_2_font_size_phone=\u00a0\u00bb24px\u00a0\u00bb global_colors_info=\u00a0\u00bb{}\u00a0\u00bb]<\/p>\n<h2><span style=\"color: #ffffff;\">Ce qui me <span style=\"color: #0c8ec0;\">diff\u00e9rencie<\/span><\/span><\/h2>\n<p>[\/et_pb_text][et_pb_text _builder_version=\u00a0\u00bb4.22.2&Prime; _module_preset=\u00a0\u00bb360d3288-b2b5-4b4f-a33c-ff1919f731fe\u00a0\u00bb text_font=\u00a0\u00bbOpen Sans|600|||||||\u00a0\u00bb text_text_color=\u00a0\u00bb#FFFFFF\u00a0\u00bb text_line_height=\u00a0\u00bb1.3em\u00a0\u00bb custom_margin=\u00a0\u00bb||23px|||\u00a0\u00bb global_colors_info=\u00a0\u00bb{}\u00a0\u00bb]<\/p>\n<p>Ma mission est d&rsquo;offrir des solutions hypoth\u00e9caires adapt\u00e9es \u00e0 la r\u00e9alit\u00e9 des consommateurs. Que ce soit pour l&rsquo;achat de leur propri\u00e9t\u00e9 r\u00e9sidentielle ou d&rsquo;investissement, je leur propose les strat\u00e9gies hypoth\u00e9caires les plus avantageuses en analysant leur situation actuelle et en anticipant leur situation future.<\/p>\n<p>Ce qui me distingue ? Mon approche globale, des valeurs \u00e9thiques, ma cr\u00e9dibilit\u00e9 dans le march\u00e9 hypoth\u00e9caire, mon objectivit\u00e9 et la proximit\u00e9 avec mes clients. Mes clients me font confiance car je leur donne l&rsquo;heure juste.<\/p>\n<p>[\/et_pb_text][et_pb_button button_text=\u00a0\u00bbenvie de discuter?\u00a0\u00bb _builder_version=\u00a0\u00bb4.25.1&Prime; _module_preset=\u00a0\u00bbdefault\u00a0\u00bb custom_button=\u00a0\u00bbon\u00a0\u00bb button_text_color=\u00a0\u00bb#FFFFFF\u00a0\u00bb button_bg_color=\u00a0\u00bb#0C8EC0&Prime; button_border_width=\u00a0\u00bb0px\u00a0\u00bb button_font=\u00a0\u00bbOpen Sans|700||on|||||\u00a0\u00bb custom_margin=\u00a0\u00bb19px||29px|||\u00a0\u00bb hover_enabled=\u00a0\u00bb0&Prime; button_text_size_tablet=\u00a0\u00bb\u00a0\u00bb button_text_size_phone=\u00a0\u00bb16px\u00a0\u00bb button_text_size_last_edited=\u00a0\u00bbon|phone\u00a0\u00bb locked=\u00a0\u00bboff\u00a0\u00bb global_colors_info=\u00a0\u00bb{}\u00a0\u00bb button_url=\u00a0\u00bb@ET-DC@eyJkeW5hbWljIjp0cnVlLCJjb250ZW50IjoicG9zdF9saW5rX3VybF9wYWdlIiwic2V0dGluZ3MiOnsicG9zdF9pZCI6IjMwNzM5NyJ9fQ==@\u00a0\u00bb _dynamic_attributes=\u00a0\u00bbbutton_url\u00a0\u00bb sticky_enabled=\u00a0\u00bb0&Prime;][\/et_pb_button][\/et_pb_column][\/et_pb_row][\/et_pb_section]<\/p>\n","protected":false},"excerpt":{"rendered":"<p>Nos pr\u00eateursPlus de choix, plus de possibilit\u00e9s!Avec plus de 20 pr\u00eateurs canadiens dans notre portfolio, nous sommes confiants de pouvoir vous offrir les solutions hypoth\u00e9caires les plus concurentielles. Des grandes banques aux pr\u00eateurs nationaux, tous se font comp\u00e9tition pour vous obtenir le meilleur taux!B2B Banque Banque EQ Banque Haventree Banque HomeEquity Banque Scotia Capital Express [&hellip;]<\/p>\n","protected":false},"author":1,"featured_media":0,"parent":0,"menu_order":0,"comment_status":"closed","ping_status":"closed","template":"","meta":{"_et_pb_use_builder":"on","_et_pb_old_content":"","_et_gb_content_width":"","footnotes":""},"class_list":["post-307434","page","type-page","status-publish","hentry"],"yoast_head":"<!-- This site is optimized with the Yoast SEO plugin v24.2 - https:\/\/yoast.com\/wordpress\/plugins\/seo\/ -->\r\n<title>Nos pr\u00eateurs - Les Architectes hypoth\u00e9caires<\/title>\r\n<meta name=\"description\" content=\"Avec plus de 20 pr\u00eateurs canadiens dans notre portfolio, nous sommes confiants de pouvoir vous offrir les solutions hypoth\u00e9caires les plus concurrentielles.\" \/>\r\n<meta name=\"robots\" content=\"index, follow, max-snippet:-1, max-image-preview:large, max-video-preview:-1\" \/>\r\n<link rel=\"canonical\" href=\"http:\/\/test.tauxhypotheques.com\/index.php\/nos-preteurs\/\" \/>\r\n<meta property=\"og:locale\" content=\"fr_FR\" \/>\r\n<meta property=\"og:type\" content=\"article\" \/>\r\n<meta property=\"og:title\" content=\"Nos pr\u00eateurs - Les Architectes hypoth\u00e9caires\" \/>\r\n<meta property=\"og:description\" content=\"Avec plus de 20 pr\u00eateurs canadiens dans notre portfolio, nous sommes confiants de pouvoir vous offrir les solutions hypoth\u00e9caires les plus concurrentielles.\" \/>\r\n<meta property=\"og:url\" content=\"http:\/\/test.tauxhypotheques.com\/index.php\/nos-preteurs\/\" \/>\r\n<meta property=\"og:site_name\" content=\"Les Architectes hypoth\u00e9caires\" \/>\r\n<meta property=\"article:modified_time\" content=\"2024-05-31T17:44:52+00:00\" \/>\r\n<meta name=\"twitter:card\" content=\"summary_large_image\" \/>\r\n<meta name=\"twitter:label1\" content=\"Dur\u00e9e de lecture estim\u00e9e\" \/>\n\t<meta name=\"twitter:data1\" content=\"2 minutes\" \/>\r\n<script type=\"application\/ld+json\" class=\"yoast-schema-graph\">{\"@context\":\"https:\/\/schema.org\",\"@graph\":[{\"@type\":\"WebPage\",\"@id\":\"http:\/\/test.tauxhypotheques.com\/index.php\/nos-preteurs\/\",\"url\":\"http:\/\/test.tauxhypotheques.com\/index.php\/nos-preteurs\/\",\"name\":\"Nos pr\u00eateurs - Les Architectes hypoth\u00e9caires\",\"isPartOf\":{\"@id\":\"http:\/\/test.tauxhypotheques.com\/#website\"},\"datePublished\":\"2024-04-06T19:06:26+00:00\",\"dateModified\":\"2024-05-31T17:44:52+00:00\",\"description\":\"Avec plus de 20 pr\u00eateurs canadiens dans notre portfolio, nous sommes confiants de pouvoir vous offrir les solutions hypoth\u00e9caires les plus concurrentielles.\",\"breadcrumb\":{\"@id\":\"http:\/\/test.tauxhypotheques.com\/index.php\/nos-preteurs\/#breadcrumb\"},\"inLanguage\":\"fr-FR\",\"potentialAction\":[{\"@type\":\"ReadAction\",\"target\":[\"http:\/\/test.tauxhypotheques.com\/index.php\/nos-preteurs\/\"]}]},{\"@type\":\"BreadcrumbList\",\"@id\":\"http:\/\/test.tauxhypotheques.com\/index.php\/nos-preteurs\/#breadcrumb\",\"itemListElement\":[{\"@type\":\"ListItem\",\"position\":1,\"name\":\"Accueil\",\"item\":\"http:\/\/test.tauxhypotheques.com\/\"},{\"@type\":\"ListItem\",\"position\":2,\"name\":\"Nos pr\u00eateurs\"}]},{\"@type\":\"WebSite\",\"@id\":\"http:\/\/test.tauxhypotheques.com\/#website\",\"url\":\"http:\/\/test.tauxhypotheques.com\/\",\"name\":\"Les Architectes hypoth\u00e9caires\",\"description\":\"Courtier hypoth\u00e9caire\",\"potentialAction\":[{\"@type\":\"SearchAction\",\"target\":{\"@type\":\"EntryPoint\",\"urlTemplate\":\"http:\/\/test.tauxhypotheques.com\/?s={search_term_string}\"},\"query-input\":{\"@type\":\"PropertyValueSpecification\",\"valueRequired\":true,\"valueName\":\"search_term_string\"}}],\"inLanguage\":\"fr-FR\"}]}<\/script>\r\n<!-- \/ Yoast SEO plugin. -->","yoast_head_json":{"title":"Nos pr\u00eateurs - Les Architectes hypoth\u00e9caires","description":"Avec plus de 20 pr\u00eateurs canadiens dans notre portfolio, nous sommes confiants de pouvoir vous offrir les solutions hypoth\u00e9caires les plus concurrentielles.","robots":{"index":"index","follow":"follow","max-snippet":"max-snippet:-1","max-image-preview":"max-image-preview:large","max-video-preview":"max-video-preview:-1"},"canonical":"http:\/\/test.tauxhypotheques.com\/index.php\/nos-preteurs\/","og_locale":"fr_FR","og_type":"article","og_title":"Nos pr\u00eateurs - Les Architectes hypoth\u00e9caires","og_description":"Avec plus de 20 pr\u00eateurs canadiens dans notre portfolio, nous sommes confiants de pouvoir vous offrir les solutions hypoth\u00e9caires les plus concurrentielles.","og_url":"http:\/\/test.tauxhypotheques.com\/index.php\/nos-preteurs\/","og_site_name":"Les Architectes hypoth\u00e9caires","article_modified_time":"2024-05-31T17:44:52+00:00","twitter_card":"summary_large_image","twitter_misc":{"Dur\u00e9e de lecture estim\u00e9e":"2 minutes"},"schema":{"@context":"https:\/\/schema.org","@graph":[{"@type":"WebPage","@id":"http:\/\/test.tauxhypotheques.com\/index.php\/nos-preteurs\/","url":"http:\/\/test.tauxhypotheques.com\/index.php\/nos-preteurs\/","name":"Nos pr\u00eateurs - Les Architectes hypoth\u00e9caires","isPartOf":{"@id":"http:\/\/test.tauxhypotheques.com\/#website"},"datePublished":"2024-04-06T19:06:26+00:00","dateModified":"2024-05-31T17:44:52+00:00","description":"Avec plus de 20 pr\u00eateurs canadiens dans notre portfolio, nous sommes confiants de pouvoir vous offrir les solutions hypoth\u00e9caires les plus concurrentielles.","breadcrumb":{"@id":"http:\/\/test.tauxhypotheques.com\/index.php\/nos-preteurs\/#breadcrumb"},"inLanguage":"fr-FR","potentialAction":[{"@type":"ReadAction","target":["http:\/\/test.tauxhypotheques.com\/index.php\/nos-preteurs\/"]}]},{"@type":"BreadcrumbList","@id":"http:\/\/test.tauxhypotheques.com\/index.php\/nos-preteurs\/#breadcrumb","itemListElement":[{"@type":"ListItem","position":1,"name":"Accueil","item":"http:\/\/test.tauxhypotheques.com\/"},{"@type":"ListItem","position":2,"name":"Nos pr\u00eateurs"}]},{"@type":"WebSite","@id":"http:\/\/test.tauxhypotheques.com\/#website","url":"http:\/\/test.tauxhypotheques.com\/","name":"Les Architectes hypoth\u00e9caires","description":"Courtier hypoth\u00e9caire","potentialAction":[{"@type":"SearchAction","target":{"@type":"EntryPoint","urlTemplate":"http:\/\/test.tauxhypotheques.com\/?s={search_term_string}"},"query-input":{"@type":"PropertyValueSpecification","valueRequired":true,"valueName":"search_term_string"}}],"inLanguage":"fr-FR"}]}},"_links":{"self":[{"href":"http:\/\/test.tauxhypotheques.com\/index.php\/wp-json\/wp\/v2\/pages\/307434","targetHints":{"allow":["GET"]}}],"collection":[{"href":"http:\/\/test.tauxhypotheques.com\/index.php\/wp-json\/wp\/v2\/pages"}],"about":[{"href":"http:\/\/test.tauxhypotheques.com\/index.php\/wp-json\/wp\/v2\/types\/page"}],"author":[{"embeddable":true,"href":"http:\/\/test.tauxhypotheques.com\/index.php\/wp-json\/wp\/v2\/users\/1"}],"replies":[{"embeddable":true,"href":"http:\/\/test.tauxhypotheques.com\/index.php\/wp-json\/wp\/v2\/comments?post=307434"}],"version-history":[{"count":5,"href":"http:\/\/test.tauxhypotheques.com\/index.php\/wp-json\/wp\/v2\/pages\/307434\/revisions"}],"predecessor-version":[{"id":307682,"href":"http:\/\/test.tauxhypotheques.com\/index.php\/wp-json\/wp\/v2\/pages\/307434\/revisions\/307682"}],"wp:attachment":[{"href":"http:\/\/test.tauxhypotheques.com\/index.php\/wp-json\/wp\/v2\/media?parent=307434"}],"curies":[{"name":"wp","href":"https:\/\/api.w.org\/{rel}","templated":true}]}}