{"id":307541,"date":"2024-04-28T17:19:39","date_gmt":"2024-04-28T17:19:39","guid":{"rendered":"http:\/\/test.tauxhypotheques.com\/?page_id=307541"},"modified":"2024-05-15T19:34:24","modified_gmt":"2024-05-15T19:34:24","slug":"caracteristiques-pret-hypothecaire","status":"publish","type":"page","link":"http:\/\/test.tauxhypotheques.com\/index.php\/caracteristiques-pret-hypothecaire\/","title":{"rendered":"Caract\u00e9ristiques pr\u00eat hypoth\u00e9caire"},"content":{"rendered":"<p>[et_pb_section fb_built=\u00a0\u00bb1&Prime; _builder_version=\u00a0\u00bb4.22.2&Prime; _module_preset=\u00a0\u00bbdefault\u00a0\u00bb background_color=\u00a0\u00bb#0C8EC0&Prime; bottom_divider_style=\u00a0\u00bbcurve\u00a0\u00bb bottom_divider_color=\u00a0\u00bb#FFFFFF\u00a0\u00bb bottom_divider_height=\u00a0\u00bb50px\u00a0\u00bb locked=\u00a0\u00bboff\u00a0\u00bb global_colors_info=\u00a0\u00bb{}\u00a0\u00bb][et_pb_row _builder_version=\u00a0\u00bb4.22.2&Prime; _module_preset=\u00a0\u00bbdefault\u00a0\u00bb global_colors_info=\u00a0\u00bb{}\u00a0\u00bb][et_pb_column type=\u00a0\u00bb4_4&Prime; _builder_version=\u00a0\u00bb4.22.2&Prime; _module_preset=\u00a0\u00bbdefault\u00a0\u00bb global_colors_info=\u00a0\u00bb{}\u00a0\u00bb][et_pb_text _builder_version=\u00a0\u00bb4.22.2&Prime; _module_preset=\u00a0\u00bbdefault\u00a0\u00bb header_font=\u00a0\u00bbAsap|600|||||||\u00a0\u00bb header_text_color=\u00a0\u00bb#FFFFFF\u00a0\u00bb header_font_size=\u00a0\u00bb60px\u00a0\u00bb header_line_height=\u00a0\u00bb1.1em\u00a0\u00bb text_orientation=\u00a0\u00bbcenter\u00a0\u00bb width_tablet=\u00a0\u00bb\u00a0\u00bb width_phone=\u00a0\u00bb\u00a0\u00bb width_last_edited=\u00a0\u00bbon|desktop\u00a0\u00bb module_alignment=\u00a0\u00bbcenter\u00a0\u00bb custom_margin=\u00a0\u00bb||0px||false|false\u00a0\u00bb header_font_size_tablet=\u00a0\u00bb40px\u00a0\u00bb header_font_size_phone=\u00a0\u00bb40px\u00a0\u00bb header_font_size_last_edited=\u00a0\u00bbon|desktop\u00a0\u00bb global_colors_info=\u00a0\u00bb{}\u00a0\u00bb]<\/p>\n<h1>Les caract\u00e9ristiques d&rsquo;un pr\u00eat hypoth\u00e9caire<\/h1>\n<p>[\/et_pb_text][\/et_pb_column][\/et_pb_row][\/et_pb_section][et_pb_section fb_built=\u00a0\u00bb1&Prime; _builder_version=\u00a0\u00bb4.22.2&Prime; _module_preset=\u00a0\u00bbdefault\u00a0\u00bb custom_padding=\u00a0\u00bb23px||8px|||\u00a0\u00bb global_colors_info=\u00a0\u00bb{}\u00a0\u00bb][et_pb_row _builder_version=\u00a0\u00bb4.22.2&Prime; _module_preset=\u00a0\u00bbdefault\u00a0\u00bb custom_padding=\u00a0\u00bb||0px|||\u00a0\u00bb global_colors_info=\u00a0\u00bb{}\u00a0\u00bb][et_pb_column type=\u00a0\u00bb4_4&Prime; _builder_version=\u00a0\u00bb4.22.2&Prime; _module_preset=\u00a0\u00bbdefault\u00a0\u00bb global_colors_info=\u00a0\u00bb{}\u00a0\u00bb][et_pb_text _builder_version=\u00a0\u00bb4.22.2&Prime; _module_preset=\u00a0\u00bbdefault\u00a0\u00bb header_3_font=\u00a0\u00bbAsap Condensed||||||||\u00a0\u00bb header_3_text_align=\u00a0\u00bbcenter\u00a0\u00bb header_3_text_color=\u00a0\u00bb#0C8EC0&Prime; header_3_font_size=\u00a0\u00bb26px\u00a0\u00bb header_3_line_height=\u00a0\u00bb1.3em\u00a0\u00bb custom_margin=\u00a0\u00bb||19px|||\u00a0\u00bb header_3_font_size_tablet=\u00a0\u00bb26px\u00a0\u00bb header_3_font_size_phone=\u00a0\u00bb20px\u00a0\u00bb header_3_font_size_last_edited=\u00a0\u00bbon|phone\u00a0\u00bb global_colors_info=\u00a0\u00bb{}\u00a0\u00bb]<\/p>\n<h3>Il est facile de consulter les taux hypoth\u00e9caires en ligne. Cependant, le taux n\u2019est qu\u2019un des \u00e9l\u00e9ments de votre pr\u00eat hypoth\u00e9caire qui vous permettront d\u2019\u00e9conomiser \u00e0 long terme. Il est aussi essentiel de tenir compte des caract\u00e9ristiques du pr\u00eat hypoth\u00e9caire, et c&rsquo;est pourquoi nous vous pr\u00e9sentons les plus importantes!<\/h3>\n<p>[\/et_pb_text][\/et_pb_column][\/et_pb_row][et_pb_row column_structure=\u00a0\u00bb1_4,3_4&Prime; use_custom_gutter=\u00a0\u00bbon\u00a0\u00bb gutter_width=\u00a0\u00bb2&Prime; _builder_version=\u00a0\u00bb4.22.2&Prime; _module_preset=\u00a0\u00bbdefault\u00a0\u00bb locked=\u00a0\u00bboff\u00a0\u00bb global_colors_info=\u00a0\u00bb{}\u00a0\u00bb][et_pb_column type=\u00a0\u00bb1_4&Prime; _builder_version=\u00a0\u00bb4.22.2&Prime; _module_preset=\u00a0\u00bbdefault\u00a0\u00bb background_color=\u00a0\u00bb#0C8EC0&Prime; global_colors_info=\u00a0\u00bb{}\u00a0\u00bb][et_pb_text _builder_version=\u00a0\u00bb4.22.2&Prime; _module_preset=\u00a0\u00bbdefault\u00a0\u00bb header_4_font=\u00a0\u00bbAsap Condensed|600||on|||||\u00a0\u00bb header_4_text_align=\u00a0\u00bbleft\u00a0\u00bb header_4_text_color=\u00a0\u00bb#FFFFFF\u00a0\u00bb header_4_font_size=\u00a0\u00bb24px\u00a0\u00bb custom_margin=\u00a0\u00bb||6px|||\u00a0\u00bb custom_padding=\u00a0\u00bb15px|30px||30px|false|true\u00a0\u00bb global_colors_info=\u00a0\u00bb{}\u00a0\u00bb]<\/p>\n<h4>Indemnit\u00e9s de remboursement anticip\u00e9<\/h4>\n<p>[\/et_pb_text][\/et_pb_column][et_pb_column type=\u00a0\u00bb3_4&Prime; _builder_version=\u00a0\u00bb4.22.2&Prime; _module_preset=\u00a0\u00bbdefault\u00a0\u00bb global_colors_info=\u00a0\u00bb{}\u00a0\u00bb][et_pb_text _builder_version=\u00a0\u00bb4.22.2&Prime; _module_preset=\u00a0\u00bbdefault\u00a0\u00bb text_text_color=\u00a0\u00bb#000000&Prime; text_line_height=\u00a0\u00bb1.4em\u00a0\u00bb global_colors_info=\u00a0\u00bb{}\u00a0\u00bb]<\/p>\n<p>Du point de vue financier, la rupture de votre convention hypoth\u00e9caire peut \u00eatre logique pour bien des raisons, m\u00eame si vous pouvez vous attendre \u00e0 payer une indemnit\u00e9 de remboursement anticip\u00e9. Les pr\u00eateurs ne calculent toutefois pas tous cette indemnit\u00e9 de la m\u00eame fa\u00e7on, et la diff\u00e9rence peut repr\u00e9senter des milliers de dollars. La vie peut vous r\u00e9server des surprises, alors assurez-vous de choisir un pr\u00eateur qui exige une indemnit\u00e9 de remboursement anticip\u00e9 juste.<\/p>\n<p>Faites attention aux pr\u00eats hypoth\u00e9caires <strong><em>blancs<\/em> <\/strong>ou <em><strong>sans superflu<\/strong> <\/em>qui ne permettent pas de rompre votre convention avant l\u2019\u00e9ch\u00e9ance, \u00e0 moins de vendre.<\/p>\n<p>[\/et_pb_text][\/et_pb_column][\/et_pb_row][et_pb_row column_structure=\u00a0\u00bb1_4,3_4&Prime; use_custom_gutter=\u00a0\u00bbon\u00a0\u00bb gutter_width=\u00a0\u00bb2&Prime; _builder_version=\u00a0\u00bb4.22.2&Prime; _module_preset=\u00a0\u00bbdefault\u00a0\u00bb locked=\u00a0\u00bboff\u00a0\u00bb global_colors_info=\u00a0\u00bb{}\u00a0\u00bb][et_pb_column type=\u00a0\u00bb1_4&Prime; _builder_version=\u00a0\u00bb4.22.2&Prime; _module_preset=\u00a0\u00bbdefault\u00a0\u00bb background_color=\u00a0\u00bb#0C8EC0&Prime; global_colors_info=\u00a0\u00bb{}\u00a0\u00bb][et_pb_text _builder_version=\u00a0\u00bb4.22.2&Prime; _module_preset=\u00a0\u00bbdefault\u00a0\u00bb header_4_font=\u00a0\u00bbAsap Condensed|600||on|||||\u00a0\u00bb header_4_text_align=\u00a0\u00bbleft\u00a0\u00bb header_4_text_color=\u00a0\u00bb#FFFFFF\u00a0\u00bb header_4_font_size=\u00a0\u00bb24px\u00a0\u00bb custom_margin=\u00a0\u00bb||6px|||\u00a0\u00bb custom_padding=\u00a0\u00bb15px|30px||30px|false|true\u00a0\u00bb global_colors_info=\u00a0\u00bb{}\u00a0\u00bb]<\/p>\n<h4>Droits de remboursement anticip\u00e9<\/h4>\n<p>[\/et_pb_text][\/et_pb_column][et_pb_column type=\u00a0\u00bb3_4&Prime; _builder_version=\u00a0\u00bb4.22.2&Prime; _module_preset=\u00a0\u00bbdefault\u00a0\u00bb global_colors_info=\u00a0\u00bb{}\u00a0\u00bb][et_pb_text _builder_version=\u00a0\u00bb4.22.2&Prime; _module_preset=\u00a0\u00bbdefault\u00a0\u00bb text_text_color=\u00a0\u00bb#000000&Prime; text_line_height=\u00a0\u00bb1.4em\u00a0\u00bb global_colors_info=\u00a0\u00bb{}\u00a0\u00bb]<\/p>\n<p>Vous devez avoir l\u2019option d\u2019effectuer des paiements forfaitaires et d\u2019accro\u00eetre le montant de vos versements hypoth\u00e9caires pour pouvoir rembourser votre pr\u00eat de fa\u00e7on acc\u00e9l\u00e9r\u00e9e et \u00e9conomiser sur les frais d\u2019int\u00e9r\u00eats. Vous devriez toujours tenir compte de cette flexibilit\u00e9, m\u00eame si vous ne pensez pas vous en pr\u00e9valoir ; votre situation pourrait changer et vous permettre de rembourser par anticipation. Cette flexibilit\u00e9 peut aussi r\u00e9duire l\u2019indemnit\u00e9 \u00e0 payer en cas de remboursement int\u00e9gral anticip\u00e9.<\/p>\n<p>[\/et_pb_text][\/et_pb_column][\/et_pb_row][et_pb_row column_structure=\u00a0\u00bb1_4,3_4&Prime; use_custom_gutter=\u00a0\u00bbon\u00a0\u00bb gutter_width=\u00a0\u00bb2&Prime; _builder_version=\u00a0\u00bb4.22.2&Prime; _module_preset=\u00a0\u00bbdefault\u00a0\u00bb locked=\u00a0\u00bboff\u00a0\u00bb global_colors_info=\u00a0\u00bb{}\u00a0\u00bb][et_pb_column type=\u00a0\u00bb1_4&Prime; _builder_version=\u00a0\u00bb4.22.2&Prime; _module_preset=\u00a0\u00bbdefault\u00a0\u00bb background_color=\u00a0\u00bb#0C8EC0&Prime; global_colors_info=\u00a0\u00bb{}\u00a0\u00bb][et_pb_text _builder_version=\u00a0\u00bb4.22.2&Prime; _module_preset=\u00a0\u00bbdefault\u00a0\u00bb header_4_font=\u00a0\u00bbAsap Condensed|600||on|||||\u00a0\u00bb header_4_text_align=\u00a0\u00bbleft\u00a0\u00bb header_4_text_color=\u00a0\u00bb#FFFFFF\u00a0\u00bb header_4_font_size=\u00a0\u00bb24px\u00a0\u00bb custom_margin=\u00a0\u00bb||6px|||\u00a0\u00bb custom_padding=\u00a0\u00bb15px|30px||30px|false|true\u00a0\u00bb global_colors_info=\u00a0\u00bb{}\u00a0\u00bb]<\/p>\n<h4>Pr\u00eat hypoth\u00e9caire \u00e0 charge accessoire<\/h4>\n<p>[\/et_pb_text][\/et_pb_column][et_pb_column type=\u00a0\u00bb3_4&Prime; _builder_version=\u00a0\u00bb4.22.2&Prime; _module_preset=\u00a0\u00bbdefault\u00a0\u00bb global_colors_info=\u00a0\u00bb{}\u00a0\u00bb][et_pb_text _builder_version=\u00a0\u00bb4.22.2&Prime; _module_preset=\u00a0\u00bbdefault\u00a0\u00bb text_text_color=\u00a0\u00bb#000000&Prime; text_line_height=\u00a0\u00bb1.4em\u00a0\u00bb global_colors_info=\u00a0\u00bb{}\u00a0\u00bb]<\/p>\n<p>Ce type de pr\u00eat hypoth\u00e9caire peut \u00eatre difficile \u00e0 transf\u00e9rer \u00e0 un autre pr\u00eateur et entra\u00eenera des frais juridiques si vous le faites. Les modalit\u00e9s sont bien arr\u00eat\u00e9es, ce qui veut dire que le pr\u00eateur pourrait ne pas vous offrir les meilleurs taux si vous deviez refinancer ou au moment du renouvellement. Prenez garde!<\/p>\n<p>[\/et_pb_text][\/et_pb_column][\/et_pb_row][et_pb_row column_structure=\u00a0\u00bb1_4,3_4&Prime; use_custom_gutter=\u00a0\u00bbon\u00a0\u00bb gutter_width=\u00a0\u00bb2&Prime; _builder_version=\u00a0\u00bb4.22.2&Prime; _module_preset=\u00a0\u00bbdefault\u00a0\u00bb locked=\u00a0\u00bboff\u00a0\u00bb global_colors_info=\u00a0\u00bb{}\u00a0\u00bb][et_pb_column type=\u00a0\u00bb1_4&Prime; _builder_version=\u00a0\u00bb4.22.2&Prime; _module_preset=\u00a0\u00bbdefault\u00a0\u00bb background_color=\u00a0\u00bb#0C8EC0&Prime; global_colors_info=\u00a0\u00bb{}\u00a0\u00bb][et_pb_text _builder_version=\u00a0\u00bb4.22.2&Prime; _module_preset=\u00a0\u00bbdefault\u00a0\u00bb header_4_font=\u00a0\u00bbAsap Condensed|600||on|||||\u00a0\u00bb header_4_text_align=\u00a0\u00bbleft\u00a0\u00bb header_4_text_color=\u00a0\u00bb#FFFFFF\u00a0\u00bb header_4_font_size=\u00a0\u00bb24px\u00a0\u00bb custom_margin=\u00a0\u00bb||6px|||\u00a0\u00bb custom_padding=\u00a0\u00bb15px|30px||30px|false|true\u00a0\u00bb global_colors_info=\u00a0\u00bb{}\u00a0\u00bb]<\/p>\n<h4>transf\u00e9rabilit\u00e9<\/h4>\n<p>[\/et_pb_text][\/et_pb_column][et_pb_column type=\u00a0\u00bb3_4&Prime; _builder_version=\u00a0\u00bb4.22.2&Prime; _module_preset=\u00a0\u00bbdefault\u00a0\u00bb global_colors_info=\u00a0\u00bb{}\u00a0\u00bb][et_pb_text _builder_version=\u00a0\u00bb4.22.2&Prime; _module_preset=\u00a0\u00bbdefault\u00a0\u00bb text_text_color=\u00a0\u00bb#000000&Prime; text_line_height=\u00a0\u00bb1.4em\u00a0\u00bb global_colors_info=\u00a0\u00bb{}\u00a0\u00bb]<\/p>\n<p>L\u2019option de transfert est importante si un d\u00e9m\u00e9nagement est probable, par exemple en cas de changement d\u2019emploi ou si votre famille s\u2019agrandit. Vous avez avantage \u00e0 transf\u00e9rer votre hypoth\u00e8que \u00e0 votre nouvelle maison pour \u00e9viter les p\u00e9nalit\u00e9s. Assurez-vous cependant que le pr\u00eateur vous laissera accro\u00eetre le montant du pr\u00eat hypoth\u00e9caire si vous achetez une maison plus ch\u00e8re.<\/p>\n<p>[\/et_pb_text][\/et_pb_column][\/et_pb_row][et_pb_row column_structure=\u00a0\u00bb1_4,3_4&Prime; use_custom_gutter=\u00a0\u00bbon\u00a0\u00bb gutter_width=\u00a0\u00bb2&Prime; _builder_version=\u00a0\u00bb4.22.2&Prime; _module_preset=\u00a0\u00bbdefault\u00a0\u00bb locked=\u00a0\u00bboff\u00a0\u00bb global_colors_info=\u00a0\u00bb{}\u00a0\u00bb][et_pb_column type=\u00a0\u00bb1_4&Prime; _builder_version=\u00a0\u00bb4.22.2&Prime; _module_preset=\u00a0\u00bbdefault\u00a0\u00bb background_color=\u00a0\u00bb#0C8EC0&Prime; global_colors_info=\u00a0\u00bb{}\u00a0\u00bb][et_pb_text _builder_version=\u00a0\u00bb4.22.2&Prime; _module_preset=\u00a0\u00bbdefault\u00a0\u00bb header_4_font=\u00a0\u00bbAsap Condensed|600||on|||||\u00a0\u00bb header_4_text_align=\u00a0\u00bbleft\u00a0\u00bb header_4_text_color=\u00a0\u00bb#FFFFFF\u00a0\u00bb header_4_font_size=\u00a0\u00bb24px\u00a0\u00bb custom_margin=\u00a0\u00bb||6px|||\u00a0\u00bb custom_padding=\u00a0\u00bb15px|30px||30px|false|true\u00a0\u00bb global_colors_info=\u00a0\u00bb{}\u00a0\u00bb]<\/p>\n<h4>Pr\u00eat hypoth\u00e9caire \u00e0 taux pond\u00e9r\u00e9<\/h4>\n<p>[\/et_pb_text][\/et_pb_column][et_pb_column type=\u00a0\u00bb3_4&Prime; _builder_version=\u00a0\u00bb4.22.2&Prime; _module_preset=\u00a0\u00bbdefault\u00a0\u00bb global_colors_info=\u00a0\u00bb{}\u00a0\u00bb][et_pb_text _builder_version=\u00a0\u00bb4.22.2&Prime; _module_preset=\u00a0\u00bbdefault\u00a0\u00bb text_text_color=\u00a0\u00bb#000000&Prime; text_line_height=\u00a0\u00bb1.4em\u00a0\u00bb global_colors_info=\u00a0\u00bb{}\u00a0\u00bb]<\/p>\n<p>Si vous d\u00e9m\u00e9nagez ou refinancez, ce type de pr\u00eat permet de combiner le taux de votre pr\u00eat hypoth\u00e9caire actuel et le taux des fonds suppl\u00e9mentaires. Ainsi, vous n\u2019avez pas \u00e0 rompre votre convention hypoth\u00e9caire, ce qui vous \u00e9vite de payer l\u2019indemnit\u00e9 de remboursement anticip\u00e9. L<span>a pond\u00e9ration du taux se fera pour la dur\u00e9e restante du pr\u00eat.<\/span><\/p>\n<p>[\/et_pb_text][\/et_pb_column][\/et_pb_row][\/et_pb_section][et_pb_section fb_built=\u00a0\u00bb1&Prime; _builder_version=\u00a0\u00bb4.25.1&Prime; _module_preset=\u00a0\u00bbdefault\u00a0\u00bb background_color=\u00a0\u00bb#0C8EC0&Prime; custom_padding=\u00a0\u00bb||48px|||\u00a0\u00bb bottom_divider_height=\u00a0\u00bb50px\u00a0\u00bb hover_enabled=\u00a0\u00bb0&Prime; locked=\u00a0\u00bboff\u00a0\u00bb global_colors_info=\u00a0\u00bb{}\u00a0\u00bb sticky_enabled=\u00a0\u00bb0&Prime;][et_pb_row _builder_version=\u00a0\u00bb4.22.2&Prime; _module_preset=\u00a0\u00bbdefault\u00a0\u00bb custom_padding=\u00a0\u00bb12px|||||\u00a0\u00bb global_colors_info=\u00a0\u00bb{}\u00a0\u00bb][et_pb_column type=\u00a0\u00bb4_4&Prime; _builder_version=\u00a0\u00bb4.22.2&Prime; _module_preset=\u00a0\u00bbdefault\u00a0\u00bb global_colors_info=\u00a0\u00bb{}\u00a0\u00bb][et_pb_text _builder_version=\u00a0\u00bb4.22.2&Prime; _module_preset=\u00a0\u00bbdefault\u00a0\u00bb text_font=\u00a0\u00bbAsap Condensed||||||||\u00a0\u00bb text_text_color=\u00a0\u00bb#FFFFFF\u00a0\u00bb text_font_size=\u00a0\u00bb24px\u00a0\u00bb text_line_height=\u00a0\u00bb1.3em\u00a0\u00bb text_orientation=\u00a0\u00bbcenter\u00a0\u00bb global_colors_info=\u00a0\u00bb{}\u00a0\u00bb]<\/p>\n<p>Le taux n\u2019est d\u00e9cid\u00e9ment pas le seul facteur dont il faut tenir compte lorsqu\u2019on contracte un pr\u00eat hypoth\u00e9caire. C\u2019est mon travail de vous aider \u00e0 trouver celui qui offre le taux et la flexibilit\u00e9 dont vous avez besoin pour vous combler en tant que propri\u00e9taire. <\/p>\n<p>[\/et_pb_text][\/et_pb_column][\/et_pb_row][\/et_pb_section]<\/p>\n","protected":false},"excerpt":{"rendered":"<p>Les caract\u00e9ristiques d&rsquo;un pr\u00eat hypoth\u00e9caireIl est facile de consulter les taux hypoth\u00e9caires en ligne. Cependant, le taux n\u2019est qu\u2019un des \u00e9l\u00e9ments de votre pr\u00eat hypoth\u00e9caire qui vous permettront d\u2019\u00e9conomiser \u00e0 long terme. Il est aussi essentiel de tenir compte des caract\u00e9ristiques du pr\u00eat hypoth\u00e9caire, et c&rsquo;est pourquoi nous vous pr\u00e9sentons les plus importantes!Indemnit\u00e9s de remboursement [&hellip;]<\/p>\n","protected":false},"author":1,"featured_media":0,"parent":0,"menu_order":0,"comment_status":"closed","ping_status":"closed","template":"","meta":{"_et_pb_use_builder":"on","_et_pb_old_content":"","_et_gb_content_width":"","footnotes":""},"class_list":["post-307541","page","type-page","status-publish","hentry"],"yoast_head":"<!-- This site is optimized with the Yoast SEO plugin v24.2 - https:\/\/yoast.com\/wordpress\/plugins\/seo\/ -->\r\n<title>Les caract\u00e9ristiques d&#039;un pr\u00eat hypoth\u00e9caire - Les Architectes hypoth\u00e9caires<\/title>\r\n<meta name=\"description\" content=\"Le taux n\u2019est qu\u2019un des \u00e9l\u00e9ments de votre pr\u00eat hypoth\u00e9caire qui vous permettent d\u2019\u00e9conomiser. Il est essentiel de tenir compte des autres caract\u00e9ristiques!\" \/>\r\n<meta name=\"robots\" content=\"index, follow, max-snippet:-1, max-image-preview:large, max-video-preview:-1\" \/>\r\n<link rel=\"canonical\" href=\"http:\/\/test.tauxhypotheques.com\/index.php\/caracteristiques-pret-hypothecaire\/\" \/>\r\n<meta property=\"og:locale\" content=\"fr_FR\" \/>\r\n<meta property=\"og:type\" content=\"article\" \/>\r\n<meta property=\"og:title\" content=\"Les caract\u00e9ristiques d&#039;un pr\u00eat hypoth\u00e9caire - Les Architectes hypoth\u00e9caires\" \/>\r\n<meta property=\"og:description\" content=\"Le taux n\u2019est qu\u2019un des \u00e9l\u00e9ments de votre pr\u00eat hypoth\u00e9caire qui vous permettent d\u2019\u00e9conomiser. Il est essentiel de tenir compte des autres caract\u00e9ristiques!\" \/>\r\n<meta property=\"og:url\" content=\"http:\/\/test.tauxhypotheques.com\/index.php\/caracteristiques-pret-hypothecaire\/\" \/>\r\n<meta property=\"og:site_name\" content=\"Les Architectes hypoth\u00e9caires\" \/>\r\n<meta property=\"article:modified_time\" content=\"2024-05-15T19:34:24+00:00\" \/>\r\n<meta name=\"twitter:card\" content=\"summary_large_image\" \/>\r\n<meta name=\"twitter:label1\" content=\"Dur\u00e9e de lecture estim\u00e9e\" \/>\n\t<meta name=\"twitter:data1\" content=\"3 minutes\" \/>\r\n<script type=\"application\/ld+json\" class=\"yoast-schema-graph\">{\"@context\":\"https:\/\/schema.org\",\"@graph\":[{\"@type\":\"WebPage\",\"@id\":\"http:\/\/test.tauxhypotheques.com\/index.php\/caracteristiques-pret-hypothecaire\/\",\"url\":\"http:\/\/test.tauxhypotheques.com\/index.php\/caracteristiques-pret-hypothecaire\/\",\"name\":\"Les caract\u00e9ristiques d'un pr\u00eat hypoth\u00e9caire - Les Architectes hypoth\u00e9caires\",\"isPartOf\":{\"@id\":\"http:\/\/test.tauxhypotheques.com\/#website\"},\"datePublished\":\"2024-04-28T17:19:39+00:00\",\"dateModified\":\"2024-05-15T19:34:24+00:00\",\"description\":\"Le taux n\u2019est qu\u2019un des \u00e9l\u00e9ments de votre pr\u00eat hypoth\u00e9caire qui vous permettent d\u2019\u00e9conomiser. Il est essentiel de tenir compte des autres caract\u00e9ristiques!\",\"breadcrumb\":{\"@id\":\"http:\/\/test.tauxhypotheques.com\/index.php\/caracteristiques-pret-hypothecaire\/#breadcrumb\"},\"inLanguage\":\"fr-FR\",\"potentialAction\":[{\"@type\":\"ReadAction\",\"target\":[\"http:\/\/test.tauxhypotheques.com\/index.php\/caracteristiques-pret-hypothecaire\/\"]}]},{\"@type\":\"BreadcrumbList\",\"@id\":\"http:\/\/test.tauxhypotheques.com\/index.php\/caracteristiques-pret-hypothecaire\/#breadcrumb\",\"itemListElement\":[{\"@type\":\"ListItem\",\"position\":1,\"name\":\"Accueil\",\"item\":\"http:\/\/test.tauxhypotheques.com\/\"},{\"@type\":\"ListItem\",\"position\":2,\"name\":\"Caract\u00e9ristiques pr\u00eat hypoth\u00e9caire\"}]},{\"@type\":\"WebSite\",\"@id\":\"http:\/\/test.tauxhypotheques.com\/#website\",\"url\":\"http:\/\/test.tauxhypotheques.com\/\",\"name\":\"Les Architectes hypoth\u00e9caires\",\"description\":\"Courtier hypoth\u00e9caire\",\"potentialAction\":[{\"@type\":\"SearchAction\",\"target\":{\"@type\":\"EntryPoint\",\"urlTemplate\":\"http:\/\/test.tauxhypotheques.com\/?s={search_term_string}\"},\"query-input\":{\"@type\":\"PropertyValueSpecification\",\"valueRequired\":true,\"valueName\":\"search_term_string\"}}],\"inLanguage\":\"fr-FR\"}]}<\/script>\r\n<!-- \/ Yoast SEO plugin. -->","yoast_head_json":{"title":"Les caract\u00e9ristiques d'un pr\u00eat hypoth\u00e9caire - Les Architectes hypoth\u00e9caires","description":"Le taux n\u2019est qu\u2019un des \u00e9l\u00e9ments de votre pr\u00eat hypoth\u00e9caire qui vous permettent d\u2019\u00e9conomiser. Il est essentiel de tenir compte des autres caract\u00e9ristiques!","robots":{"index":"index","follow":"follow","max-snippet":"max-snippet:-1","max-image-preview":"max-image-preview:large","max-video-preview":"max-video-preview:-1"},"canonical":"http:\/\/test.tauxhypotheques.com\/index.php\/caracteristiques-pret-hypothecaire\/","og_locale":"fr_FR","og_type":"article","og_title":"Les caract\u00e9ristiques d'un pr\u00eat hypoth\u00e9caire - Les Architectes hypoth\u00e9caires","og_description":"Le taux n\u2019est qu\u2019un des \u00e9l\u00e9ments de votre pr\u00eat hypoth\u00e9caire qui vous permettent d\u2019\u00e9conomiser. Il est essentiel de tenir compte des autres caract\u00e9ristiques!","og_url":"http:\/\/test.tauxhypotheques.com\/index.php\/caracteristiques-pret-hypothecaire\/","og_site_name":"Les Architectes hypoth\u00e9caires","article_modified_time":"2024-05-15T19:34:24+00:00","twitter_card":"summary_large_image","twitter_misc":{"Dur\u00e9e de lecture estim\u00e9e":"3 minutes"},"schema":{"@context":"https:\/\/schema.org","@graph":[{"@type":"WebPage","@id":"http:\/\/test.tauxhypotheques.com\/index.php\/caracteristiques-pret-hypothecaire\/","url":"http:\/\/test.tauxhypotheques.com\/index.php\/caracteristiques-pret-hypothecaire\/","name":"Les caract\u00e9ristiques d'un pr\u00eat hypoth\u00e9caire - Les Architectes hypoth\u00e9caires","isPartOf":{"@id":"http:\/\/test.tauxhypotheques.com\/#website"},"datePublished":"2024-04-28T17:19:39+00:00","dateModified":"2024-05-15T19:34:24+00:00","description":"Le taux n\u2019est qu\u2019un des \u00e9l\u00e9ments de votre pr\u00eat hypoth\u00e9caire qui vous permettent d\u2019\u00e9conomiser. Il est essentiel de tenir compte des autres caract\u00e9ristiques!","breadcrumb":{"@id":"http:\/\/test.tauxhypotheques.com\/index.php\/caracteristiques-pret-hypothecaire\/#breadcrumb"},"inLanguage":"fr-FR","potentialAction":[{"@type":"ReadAction","target":["http:\/\/test.tauxhypotheques.com\/index.php\/caracteristiques-pret-hypothecaire\/"]}]},{"@type":"BreadcrumbList","@id":"http:\/\/test.tauxhypotheques.com\/index.php\/caracteristiques-pret-hypothecaire\/#breadcrumb","itemListElement":[{"@type":"ListItem","position":1,"name":"Accueil","item":"http:\/\/test.tauxhypotheques.com\/"},{"@type":"ListItem","position":2,"name":"Caract\u00e9ristiques pr\u00eat hypoth\u00e9caire"}]},{"@type":"WebSite","@id":"http:\/\/test.tauxhypotheques.com\/#website","url":"http:\/\/test.tauxhypotheques.com\/","name":"Les Architectes hypoth\u00e9caires","description":"Courtier hypoth\u00e9caire","potentialAction":[{"@type":"SearchAction","target":{"@type":"EntryPoint","urlTemplate":"http:\/\/test.tauxhypotheques.com\/?s={search_term_string}"},"query-input":{"@type":"PropertyValueSpecification","valueRequired":true,"valueName":"search_term_string"}}],"inLanguage":"fr-FR"}]}},"_links":{"self":[{"href":"http:\/\/test.tauxhypotheques.com\/index.php\/wp-json\/wp\/v2\/pages\/307541","targetHints":{"allow":["GET"]}}],"collection":[{"href":"http:\/\/test.tauxhypotheques.com\/index.php\/wp-json\/wp\/v2\/pages"}],"about":[{"href":"http:\/\/test.tauxhypotheques.com\/index.php\/wp-json\/wp\/v2\/types\/page"}],"author":[{"embeddable":true,"href":"http:\/\/test.tauxhypotheques.com\/index.php\/wp-json\/wp\/v2\/users\/1"}],"replies":[{"embeddable":true,"href":"http:\/\/test.tauxhypotheques.com\/index.php\/wp-json\/wp\/v2\/comments?post=307541"}],"version-history":[{"count":7,"href":"http:\/\/test.tauxhypotheques.com\/index.php\/wp-json\/wp\/v2\/pages\/307541\/revisions"}],"predecessor-version":[{"id":307648,"href":"http:\/\/test.tauxhypotheques.com\/index.php\/wp-json\/wp\/v2\/pages\/307541\/revisions\/307648"}],"wp:attachment":[{"href":"http:\/\/test.tauxhypotheques.com\/index.php\/wp-json\/wp\/v2\/media?parent=307541"}],"curies":[{"name":"wp","href":"https:\/\/api.w.org\/{rel}","templated":true}]}}